r of z?
False
Suppose -712 = -5*s + 58. Is s a multiple of 22?
True
Suppose -16 = -y - 3*y. Let w = 24 - 19. Suppose -p + y*f + 17 = 0, -57 = -p - w*f + f. Is 19 a factor of p?
False
Let h(n) = 2*n**2 + 2*n + 6. Let z be h(5). Let r = z + -17. Is r a multiple of 18?
False
Let y be (3/(-9))/((-1)/9). Suppose -y*b - 2*b = 110. Let p = 46 + b. Is 12 a factor of p?
True
Let s(y) = -y**3 + 3*y**2 + 6*y + 7. Let t be s(5). Suppose -80 = 4*b + 6*b. Let o = b - t. Is 3 a factor of o?
False
Let k(m) = m**3 - 13*m**2 + 10. Suppose i = -0 + 13. Is 10 a factor of k(i)?
True
Let c(l) = l**2 - 2*l - 3. Is 12 a factor of c(-13)?
True
Let b be -3 + 4 - 1 - 0. Suppose 24 = -b*r + 4*r - 3*w, -r = -w - 6. Is r a multiple of 2?
True
Suppose 3*u - 60 = -u. Suppose -3*f + 9 = a, -2*f + u = 3*f - 5*a. Does 2 divide f?
False
Suppose 0 = -l + 1 - 0. Let j = l + -2. Let z = 8 + j. Does 3 divide z?
False
Suppose 3*z + i + 0*i + 36 = 0, 5*i - 24 = 2*z. Let m = 21 + z. Does 9 divide m?
True
Let l = -6 - -10. Suppose -l*f + 12 = 0, u - f = 2*u - 8. Suppose y + 15 = 5*h + 34, 0 = -u*y - 4*h + 153. Is 13 a factor of y?
False
Let q(a) = -a**3 + 5*a**2 - 6*a - 6. Let b be q(5). Let m = b + 50. Is 9 a factor of m?
False
Let l(w) = -w**3 + 6*w**2 + 7*w + 2. Does 32 divide l(5)?
False
Suppose -2*g - 2*f = 40 - 2, g + 2*f = -23. Let d(x) = -x**3 - 15*x**2 - 3*x - 15. Is d(g) a multiple of 10?
True
Let r(t) = 26*t**2 + 6 + 3 - 16*t**2 + 5*t + t**3. Is 15 a factor of r(-9)?
True
Suppose -n - 14 = -4*s - s, 4*n + 5 = 3*s. Let u = 4 - s. Let m = u - -27. Is 14 a factor of m?
True
Suppose 2*x = -5*o + 611, 4*o - 4*x = o + 351. Let i be (-8)/(-2)*(-22 - -3). Let a = i + o. Is 15 a factor of a?
True
Let h(y) = -y - 8. Let f = 16 - 26. Is h(f) a multiple of 2?
True
Let b(n) = n**2 + n + 4. Let o be b(-4). Suppose -o - 31 = -v. Let q = v + 7. Is 19 a factor of q?
False
Suppose x + 2*m - 6 = -3*m, -x + 4*m - 3 = 0. Suppose x = -3*c - 17. Let f(w) = w**2 + 2*w - 1. Is 16 a factor of f(c)?
False
Let u = -4 - -62. Suppose -3*a + u = 22. Is 3 a factor of a?
True
Suppose -5*s + 16 = -s. Is 10 a factor of (40/2)/(5 - s)?
True
Let d be -5*-2*1/2. Let i(w) = w - 1. Is 3 a factor of i(d)?
False
Suppose 28 = -n + 73. Is 9 a factor of n?
True
Suppose c + a - 8 = -0*a, -4*a = 0. Suppose i - c = -i. Is 2 a factor of i?
True
Suppose -18*t + 17*t + 16 = 0. Suppose 11 + 7 = -3*p. Let z = t - p. Is 12 a factor of z?
False
Suppose -2*a - 556 = -3*j, -5*a + 935 = 5*j - 10*a. Is 13 a factor of j?
True
Let n = 35 + 181. Is n a multiple of 18?
True
Let v(o) = o**3 + 3*o**2. Let i be v(-3). Suppose -3*s + 47 + 19 = i. Does 11 divide s?
True
Suppose -2*b = -7*b + 840. Suppose 12*h - 16*h = -b. Does 14 divide h?
True
Suppose -2*a + 2*t + 20 = -t, -2*a + 24 = -5*t. Let s(o) = 7*o - 10. Let h be s(a). Suppose -j = -4*j + h. Is 13 a factor of j?
True
Let f = 43 - 28. Suppose 0 = 3*t - f, 0*t + t + 223 = 4*b. Is b a multiple of 17?
False
Suppose 2*q + 9 = -r, 4*r + 15 = -5*q + 3*r. Let h be (-2 - -5)*(-21 - q). Let l = -24 - h. Is l a multiple of 14?
False
Let m(v) = 6*v**2 + 5*v - 3. Does 9 divide m(2)?
False
Suppose 0 = i - 3*i + 18. Suppose 0 = 6*z - 3*z + i, 0 = x + z - 38. Is 11 a factor of x?
False
Let z(p) = 16*p**2 - 3*p + 3. Let f be z(3). Let c = f - 88. Is c a multiple of 10?
True
Suppose -6 - 3 = r. Let t(k) = -k**3 - 10*k**2 - 11*k - 10. Is 3 a factor of t(r)?
False
Suppose -3*j + 62 = 14. Does 8 divide j?
True
Let f(o) = 15*o**3 - 2*o**2 + 2*o - 8. Does 18 divide f(2)?
True
Let z = 44 - 32. Is z a multiple of 6?
True
Does 11 divide (25 - 3)/(3/30)?
True
Suppose 21*c - 572 = 17*c. Is 10 a factor of c?
False
Let t = -38 + 53. Is 5 a factor of t?
True
Let s(h) = h + 18. Let c be s(0). Is (4/6)/(2/c) a multiple of 3?
True
Suppose 0 = -2*b - 1 - 3. Does 10 divide (19/b)/(6/(-24))?
False
Is 11 a factor of 16/(-20)*-5*22?
True
Suppose 17 = 2*m - 19. Let h = -2 - -42. Let v = h - m. Is 22 a factor of v?
True
Suppose j - 4 = -0. Suppose -j*x + 30 = -3*x. Does 10 divide x?
True
Suppose -4*c - 3*w = -851, c - 7*w - 208 = -3*w. Suppose 230 = 5*y + 2*z, 4*y - 7*z + 3*z = c. Is 24 a factor of y?
True
Let d(s) = -s**2 + 17*s - 12. Let r = 6 + 3. Is d(r) a multiple of 17?
False
Suppose -2*c - 8 = -4*o - 0*c, 0 = 3*o + 3*c - 15. Let v(p) = -3 - 5*p**2 + 5 + 7*p**2 - p**2. Does 6 divide v(o)?
False
Let a = 298 - 157. Is a a multiple of 37?
False
Let v(o) be the third derivative of o**5/15 + o**3/6 + o**2. Let l be v(1). Suppose -l*r - 75 = -3*h, 2*r + 2*r = -12. Is 10 a factor of h?
True
Suppose -4*h + 5*h = 79. Does 16 divide h?
False
Let r(v) = v. Let i(o) = -10*o - 4. Let g(w) = -i(w) - 6*r(w). Does 14 divide g(6)?
True
Let d(n) = n**2 + 5*n - 4. Does 8 divide d(3)?
False
Let h = 47 - 14. Does 3 divide h?
True
Suppose -77 = -5*a - 2*q, -3*a + 5*q + 0*q = -71. Does 19 divide (-2 + 5 - 1) + a?
True
Let f(h) = 3*h + 33. Is 12 a factor of f(9)?
True
Let g = -3 + 5. Is 6 a factor of (-1)/2*-9*g?
False
Suppose -94 = 5*x - 7*x. Is x a multiple of 12?
False
Let w(m) = m**3 - 7*m**2 + 5*m + 2. Let t be w(6). Let y be (4 + t)/(1*-1). Suppose y*p + p = v + 31, -4*p = -2*v - 122. Does 12 divide p?
False
Let x = -172 + 181. Does 8 divide x?
False
Suppose -4*k + 2 = -6. Suppose -k*y = 3*a - 6, 4 = 2*y - 2. Suppose 2*f - 34 = -a*f. Is f a multiple of 7?
False
Let s = 81 + -41. Is 9 a factor of s?
False
Let q(t) = -t**2 + 4*t + 6. Is 4 a factor of q(4)?
False
Let f = 5 - 4. Is 18 a factor of (-8*f)/((-9)/36)?
False
Let v(c) = 20*c - 9*c - 6 - 1. Does 8 divide v(5)?
True
Let o = -95 - -153. Is o a multiple of 12?
False
Let x = 29 + -20. Let u = 30 - x. Is u a multiple of 8?
False
Let a(n) = -n - 7. Let c be a(-5). Let l be 0 - (-2 - (c + -1)). Is 10 a factor of 20*(l - -2)*1?
True
Is 0/3 - -22 - (0 + 0) a multiple of 2?
True
Let y(m) = 5 + m - 2 - 5 + 0. Is y(6) even?
True
Let t = -12 + 0. Let l be (-1)/(-4) - 45/t. Suppose 20 = -0*n - l*n, -2*u + n = -17. Is 3 a factor of u?
True
Let c(y) = -19*y - 4. Is 24 a factor of c(-4)?
True
Let w(x) be the second derivative of x**3/6 - 4*x**2 + 2*x. Let r be w(10). Suppose 0*v - 16 = -r*v. Is 4 a factor of v?
True
Let i = 136 - 69. Let t = 111 - i. Does 11 divide t?
True
Suppose -o + q = -5*o + 17, -o - 22 = -5*q. Suppose -o*i = 1 - 10. Suppose h + i*h - 168 = 0. Does 21 divide h?
True
Let i = -10 - -14. Suppose -5 = -2*o - d, -3*o - i*d = -0*d - 10. Is 13 a factor of 26 + (-2 + 4 - o)?
True
Suppose 3*q - 551 = -197. Does 12 divide q?
False
Suppose 4*k = 3*v - 95, 3*k = 4*v - 0*k - 129. Is 7 a factor of v?
False
Let l = 124 + -109. Is 15 a factor of l?
True
Let m(b) = 2*b - 2*b + 17 - b - 2. Is m(8) even?
False
Let k = -17 - -44. Is k a multiple of 9?
True
Let v be 81*1*3/9. Suppose -5*h - v = -7. Let w(y) = y**2 - 2*y - 6. Is w(h) a multiple of 15?
False
Let l be (14/4 + -3)*196. Suppose -5*t + 32 = -l. Suppose 2*c - t = -0*c. Is c a multiple of 10?
False
Let m(c) = -4*c - 11. Let j be m(-9). Suppose -7*v + 2*v = 5, 0 = -3*k + 4*v + j. Is k a multiple of 3?
False
Let z(h) = 28*h**2 - h - 1. Let k be -2 + 1 + (-1 - -1). Does 14 divide z(k)?
True
Suppose 0 = -2*s - 3*s. Let i be s - (-4 + 1) - 8. Let v(y) = -3*y - 5. Does 5 divide v(i)?
True
Let z = 4 - 2. Let l(w) = 6*w**3 - w**2 + 3*w - 3. Is l(z) a multiple of 13?
False
Let y(b) = -2*b - 3. Suppose h = -5, -j + 2*h = -3*h - 18. Does 5 divide y(j)?
False
Let z(c) = 10*c + 5. Let x(j) = -3*j - 2. Let y(u) = -8*x(u) - 3*z(u). Let k be y(-1). Is 14 a factor of (k/1)/((-3)/(-12))?
True
Is 4 + (4 + -3)*9 a multiple of 2?
False
Let p(x) = -x**2 + 17*x - 10. Is 16 a factor of p(14)?
True
Let d(c) = c**2 + 4*c - 2. Is 29 a factor of d(6)?
True
Let c(w) be the second derivative of -w**5/20 + 2*w**4/3 + 2*w**3/3 + 4*w**2 + 6*w. Does 14 divide c(8)?
False
Suppose -224 = -0*m - 2*m + 4*z, -5*m + 4*z + 566 = 0. Does 11 divide m?
False
Suppose 0 = -4*f + 1 - 49. Is 16 a factor of -3*2*32/f?
True
Let q be (1*-2)/(2 + -1). Let w be q/7 - (-4)/14. Suppose -3*j + 3 + 3 = w. Does 2 divide j?
True
Is 12 a factor of ((-40)/50)/(2/(-180))?
True
Let o(x) = -7*x - 32. Is 17 a factor of o(-24)?
True
Let v(p) = -p + 1. Let b be v(-5). Is 12 a factor of ((-87)/b)/((-2)/4)?
False
Let v be (17/(-34))/((-2)/12). Suppose 72 = v*n - 0*n. Is 8 a factor of n?
True
Let n(d)